. Suppose -3*u + x*t = t - 93, 4*u - 124 = t. List the prime factors of u.
31
Suppose 9*w + 8 = 13*w. Suppose 0 = 6*r - w*r - 72. What are the prime factors of r?
2, 3
What are the prime factors of (111/(-4))/((-15)/660)?
3, 11, 37
Suppose 0 = -c + 2, 0 = -q - 4*q - 4*c + 23. Suppose 9 = 5*v - q*i - 16, 4*i = 0. Suppose 5*m = 4*s - 75, s + v*m - 9 = 41. List the prime factors of s.
5
Let r(d) = -4*d**2 - 14*d - 47. Let x(i) = -i**2 - i. Let b(w) = -r(w) + 3*x(w). List the prime factors of b(-9).
29
Suppose 7*u + 2390 = 17*u. What are the prime factors of u?
239
Let i(b) = -11*b - 58. Suppose -5*t + 4*m - 25 - 73 = 0, 5*t + 86 = -2*m. List the prime factors of i(t).
2, 5, 7
Let s = 50 - 51. List the prime factors of (-474)/(-2) + -3 + s.
233
Let y be (1 + -2)*2 + -10. List the prime factors of (8/y)/((-4)/138).
23
Let y(m) = m**3 - 7*m**2 - 2*m - 5. Let c be y(7). Let h = c + 23. Suppose 2*r + i - 28 = 6*i, 5*r + h*i - 103 = 0. List the prime factors of r.
19
Let d(k) = k. Let r be d(5). Suppose -4*p = 5*c - 6*p - 127, -r*p - 130 = -5*c. Suppose -5*g - c = 0, 4*g = -0*l + l - 72. What are the prime factors of l?
2, 13
Let m(s) = 5*s**2 + 9*s - 19. List the prime factors of m(-11).
487
Let a be ((-18)/(-4))/((-2)/(-4)). Let c = -7 + a. Let p = 30 - c. What are the prime factors of p?
2, 7
Suppose -3*t + 174 + 261 = 5*j, -348 = -4*j + 5*t. List the prime factors of j + ((-2)/2 - 0).
2, 43
Let i(r) = 14*r - 14. Let u = 25 - 13. Let p be i(u). Suppose 211 = 5*m - p. List the prime factors of m.
73
Let m be 1 - ((-150)/12 + 6/4). Let j = 67 + m. What are the prime factors of j?
79
Let s(a) = 20*a**2 + 7*a - 1. Suppose 0*c = 3*c - 5*y - 28, 0 = 3*c + 2*y + 7. Let t(i) = -i**2 + i. Let z(h) = c*s(h) - 5*t(h). List the prime factors of z(1).
2, 13
Suppose -5*v + 49 + 61 = 0. Suppose -u = -3*u - 2, v = 3*r + 2*u. Let o(z) = -z**3 + 9*z**2 - 9*z + 10. List the prime factors of o(r).
2
Suppose 2*v + 299 = -563. What are the prime factors of (10/25)/(-2 + v/(-215))?
2, 43
Let d be (-68)/(-11) - 8/44. Let v(h) = h**2 - 3*h. Let q be v(d). Suppose -m - 2 = -3*m, 4*l - q = 2*m. What are the prime factors of l?
5
Let r(l) = l**3 - 6*l**2 + 5*l + 4. Let o be r(4). Let h = 24 - o. What are the prime factors of h?
2
Let h(o) = -o**2 + 16*o - 19. Let b(g) = -2*g**3 + 4*g + 13*g**2 - g**2 + g**3 - 13*g - 9. Let n be b(11). What are the prime factors of h(n)?
2, 5
Let u(x) = -18*x**3 + 2*x + 1. Let g be u(-1). Let i = g - -1. List the prime factors of i.
2, 3
Let t = 131 - 135. List the prime factors of 4/(t/3) + (-1 - -109).
3, 5, 7
Suppose 3*f + 6 = 4*f. Let v = 29 + f. Suppose -v = -2*g + 17. What are the prime factors of g?
2, 13
Let p(u) = 17*u**2 + 19*u + 14. Let j be p(11). Suppose 12*y = 4*y + j. List the prime factors of y.
3, 5, 19
Suppose 18 = 2*t + t. Let a = 7 - t. What are the prime factors of (a/(-2) + 1)*22?
11
List the prime factors of (16 - (-12980)/(-8))/((-6)/8).
2, 3, 7, 17
Let h be ((-1)/3)/(2/(-1962)). Suppose -5*y - 30 = 15. List the prime factors of 2/(-6) - h/y.
2, 3
Let j be (-2)/6 + -488*(-14)/3. List the prime factors of j/135 + 4/30.
17
Suppose 2*v = 7*v - 40. Let d be v/36 + (-446)/(-18). List the prime factors of (d - -2)/(1/1).
3
Let m be -2 - ((-2 - 0) + -4). Let c(w) = w**2 - 2. Let u be c(2). Suppose m = 3*s - 2*s, 3*d - u*s + 2 = 0. List the prime factors of d.
2
Suppose -15*s = -27*s + 19428. What are the prime factors of s?
1619
Suppose -3*d = -5*b + 1196, 3*d + 2 = 2*d. Let r = 458 - b. List the prime factors of r.
2, 5, 11
Let w be -12*(26/(-8) - -3). Suppose 5*y - 37 = -3*b, -w*b = 2*b + 5*y - 55. Suppose -4*i + b*i - 95 = 0. List the prime factors of i.
19
Let x = -12 - -14. Suppose -37 = 5*l - 12, 2*l + 90 = x*j. List the prime factors of j.
2, 5
Let y = -1 - -3. Suppose 0 = y*x - x - 39. Suppose -3*i - x = -105. List the prime factors of i.
2, 11
Let v = -10 + 15. Suppose -v*u + 0 = -5*z - 15, 0 = 3*z + 5*u - 31. Suppose 3*j - 20 = -z*j, 2*j - 73 = -5*p. List the prime factors of p.
13
List the prime factors of 505602/243 - 4/(-3).
2, 3, 347
Suppose -25*u - 2842 = -7667. What are the prime factors of u?
193
Let o(w) = 2*w**2 + 9*w + 28. List the prime factors of o(6).
2, 7, 11
Suppose -7*y + 2*y = 4*w + 40, -5*y - 3*w - 35 = 0. List the prime factors of 27 + ((-8)/y - 2).
3
Let r = 264 - 132. Let v = -44 + r. List the prime factors of v.
2, 11
Let s = -78 + 90. Suppose -5*p + s*p - 126 = 0. List the prime factors of p.
2, 3
Suppose 28 = 3*x + x. Suppose -x = -2*v - 3. Suppose -19 - 3 = -v*c. What are the prime factors of c?
11
Suppose -8*z = -10*z + 8. Suppose -2*x + 44 = -v - 30, -z*x + 4*v + 156 = 0. List the prime factors of x.
5, 7
Let v = -3076 - -5253. What are the prime factors of v?
7, 311
Suppose 0 = -350*x + 353*x + 30. Suppose -3*t + 17 = -2*t + 2*y, -5*t + 5*y = -85. Let o = t + x. What are the prime factors of o?
7
Let w = -93 + 97. Suppose 0*t + 2*i + 708 = w*t, -360 = -2*t - 2*i. What are the prime factors of t?
2, 89
Let w be (-4)/26 + 29418/78. Suppose -292 - w = -3*z. Suppose z = 4*s + 5*n, -116 = -3*s + s + 2*n. What are the prime factors of s?
3, 19
Let d = 618 + 43. What are the prime factors of d?
661
Suppose -16*b + 22*b - 4434 = 0. List the prime factors of b.
739
Let n(q) = -q**3 - 2*q**2 - 2*q - 2. Let t be n(-2). Let b = t + 35. List the prime factors of b.
37
Let h be 2*(0 + (-2)/(-2)). Suppose 5*z + 20 = 5*d, z = 3*d - h - 6. List the prime factors of (-53)/(-2) - 1/d.
2, 13
Let a be (-22)/(-8) + (-2)/(-8). Let j = a - 1. Suppose j*x = 4*m + 19 + 9, 0 = 2*m + 10. List the prime factors of x.
2
Suppose -2*v + 5*v = 5*j - 1275, -4*v - 765 = -3*j. What are the prime factors of j?
3, 5, 17
Let v(g) = g**2 + 4*g + 4. Let a be v(-5). Suppose -a + 3 = m. List the prime factors of 78 + m/(-3) + -2.
2, 3, 13
Let g = -34 - -34. What are the prime factors of 2/(-8) - g - 594/(-8)?
2, 37
Let l = 67 + -32. Suppose 0 = 3*k + l - 464. List the prime factors of k.
11, 13
Let i = 26 - 24. Let p(m) = -281*m + 4*m**2 + 5 + 283*m - i*m**2 + m**3. List the prime factors of p(3).
2, 7
Suppose 3*h - 60 = -21. Suppose 3*f - 5*n = 35, 5*f - h = -4*n - 4. Suppose 5*w = 2*l - 56, 0*l = f*l - 5*w - 110. List the prime factors of l.
2, 3
Suppose 2*z - 7 = -5*l + 3, 3*l + 2*z - 6 = 0. Suppose -5*v = -0*h - 2*h + 22, 3*v = l*h - 10. List the prime factors of (9/v)/(3/(-44)).
2, 11
Let x = 88 - 94. What are the prime factors of (39/x)/((-2)/44)?
11, 13
Let f(t) = 2*t**2 + 8*t - 10. Let s be f(-7). Suppose -2*i + 5 + 3 = 0, i = 4*p - s. Let a = p - -9. List the prime factors of a.
2, 3
Let o be (-2)/(-1) - 315/(-5). Suppose -4*h + o = -7. List the prime factors of -4*33/h*-3.
2, 11
List the prime factors of (-3366)/(-12) - -4 - 2/4.
2, 71
Let c(x) = -2*x**3 + 6*x**2 + 3*x + 17. Let v be c(5). Let g = v + 129. What are the prime factors of g?
61
Let y(s) = -2*s**2 + 29*s + 7. Let b(a) = 5*a**2 - 59*a - 13. Let u(z) = -3*b(z) - 7*y(z). What are the prime factors of u(-21)?
5, 19
Let v(g) = -900*g + 353. What are the prime factors of v(-4)?
59, 67
Suppose 4*l + 14 = -0*f + f, -3*l - 11 = -f. Suppose m - 1 = -f. What are the prime factors of 20/(0 + m + 2)?
2, 5
Let p(a) = a**3 + 32*a**2 + 64*a + 100. List the prime factors of p(-29).
13, 59
Let a be 11/(22/(-48)) + 2. Let y = 4 - a. What are the prime factors of y?
2, 13
Let g = -26 + 27. What are the prime factors of (-3 - g/(-1))/(4/(-338))?
13
Let r be (-20)/(-60) - (-1 - (-376)/(-6)). Suppose 11*o = 9*o + r. List the prime factors of o.
2
Let j(s) = -143*s - 89. List the prime factors of j(-8).
5, 211
Let r(h) = -14*h**3 + h**2 + 5*h + 12. List the prime factors of r(-3).
2, 3
Let d(r) = -145*r**3 - 2*r - 2. What are the prime factors of d(-1)?
5, 29
Suppose 0 = b - 446 - 150. Let t = -264 + b. What are the prime factors of t?
2, 83
Let f(b) = -3*b**2 + b. Let u be f(-1). List the prime factors of ((-748)/u + 1)/2.
2, 47
Let q be 108/48 - 2/8. Suppose -2*t - 4 = 2*f - 7*t, 4*f = q*t + 8. What are the prime factors of ((-2)/f)/(2/(-108))?
2, 3
Suppose 2*i - 14 = -l - l, 3*i - 5*l + 3 = 0. Suppose 4*o + 128 - 1092 = -i*a, 0 = a + 3*o - 251. What are the prime factors of a?
2, 59
Let l(j) = 4. Let n(t) = t**2. Let w(a) = l(a) + n(a). Let z be w(0). Suppose 121 = 3*c - b, -